ppose 0 = z*a + g + 34, 4*a + 34 = 3*g - 20. Let q be -1 + (34/(-6))/(a/72). Calculate the highest common factor of 11 and q.
11
Let m = -287 + 287. Suppose 27*v - 33*v + 66 = m. Let c be (-2 - -1)*-78 - 1. What is the highest common factor of c and v?
11
Let m(f) = -f**2 + 23*f - 24. Let s be m(19). What is the highest common divisor of 4316 and s?
52
Let p be ((-288)/(-176))/(-9) + (-1234)/(-11). What is the highest common divisor of 9072 and p?
112
Suppose 3*b = -3*c + 1035, c - 1860*b - 365 = -1865*b. Calculate the greatest common factor of c and 4505.
85
Let v(r) = 302*r**2 + r - 2. Let l be v(-1). Let t be (2/(-4))/((-6)/156). Calculate the greatest common factor of l and t.
13
Suppose -6*x = h - 2*x - 488, 463 = h - x. Let a be (-21)/35 + h/30. What is the greatest common factor of 375 and a?
15
Suppose 0 = 4*a - 4*l - 420, -85*l - 5 = -86*l. Calculate the highest common divisor of 1815 and a.
55
Let m be ((-29)/10 - (-44)/110)*-2. Suppose 0 = 2*y - 2*r - 122, m*r = -7*y + 3*y + 208. What is the greatest common divisor of 19 and y?
19
Let u(b) = b**3 + 12*b**2 + 21*b - 3. Let c be -7 - (7 + -2 + -4). Let g be u(c). What is the highest common divisor of g and 34?
17
Suppose 0 = -19*s + 14*s + 15. Suppose -4*f - l = -101, -5*f + f = s*l - 103. What is the greatest common divisor of f and 20?
5
Let a = -11464 + 13714. What is the greatest common factor of 144 and a?
18
Let t(z) = -z**3 - 8*z**2 + 12*z - 44. Let k be t(-10). Let c be (-2979)/(-15) - 9/15. What is the highest common divisor of k and c?
18
Let p = 138 + 25. Suppose -269 = -9*g + p. Calculate the highest common divisor of 60 and g.
12
Suppose -18*m + 63884 + 6847 = -380313. Calculate the greatest common divisor of 68 and m.
34
Suppose 0 = 5*u + f + 67 - 188, 4*u - f - 95 = 0. Let a be (-5)/(-3) + (-14868)/(-54) + -1. Calculate the greatest common factor of u and a.
12
Let o(d) = d**2 - d + 1. Let z be o(-3). Let c be z - (-9)/((-45)/(-10)). Suppose 0 = 4*r - c + 7. Calculate the greatest common divisor of r and 6.
2
Suppose -4*x = 4*k - 12, 3*k - 2*x = 2*k + 9. Suppose 840 = k*f - 4*p - 928, 4*p + 1064 = 3*f. Calculate the greatest common divisor of 32 and f.
32
Suppose 41*q - 243 = 38*q. Suppose 3*f + 1 - 55 = -4*j, -5*j + 3*f = -q. Calculate the highest common factor of 30 and j.
15
Suppose -p + 484 = -14*u + 16*u, p - 482 = -4*u. Let a = p + -290. What is the greatest common divisor of 49 and a?
49
Suppose -27558 - 49466 = -35*g - 48*g. What is the highest common factor of g and 4756?
116
Let x be 330 + -48 - (-1 + 1). What is the greatest common factor of x and 1222?
94
Let z(r) = r**2 + r + 6*r**2 - 3*r**2 + 0*r**2 - r**3 - 18 + 13*r. Let k be z(5). Calculate the highest common divisor of k and 279.
9
Let y be 2772/18 + 1*6. Suppose 22*n - y = 18*n. Calculate the highest common factor of n and 32.
8
Let w(a) = 24*a**3 + 2*a**2 - 4*a - 9. Let j be w(-2). Let d = j + 250. Calculate the greatest common factor of 13 and d.
13
Let t be 12 - (573/(-11) - (-51)/561). What is the greatest common divisor of 17056 and t?
32
Suppose f - 340 - 100 = 0. Suppose 189 = 2*o + 167. Calculate the highest common divisor of o and f.
11
Suppose -4*s + 11*v + 183 = 12*v, 3*v + 81 = 2*s. Let b = s + -44. Let h = 2 - -1. What is the greatest common divisor of b and h?
1
Suppose 16 = y - g, -2*y + 13*g + 68 = 2*g. Calculate the highest common divisor of y and 54.
6
Suppose 22 = 2*p - 39*o + 34*o, 34 = 4*p - 5*o. Calculate the highest common factor of 96 and p.
6
Suppose -1119 + 12253 = 2*c. Calculate the greatest common divisor of c and 19.
19
Let q be (129 - (3 + -1))/(-29 - -30). What is the greatest common divisor of 1 and q?
1
Suppose w + 20 = -3*w, -3*u = -4*w - 398. Suppose 167*q - 168*q + 56 = 0. What is the highest common factor of u and q?
14
Suppose 264*w = 250*w + 28. Let m(g) = 0*g + 11 + g - 5*g. Let o be m(w). Calculate the greatest common factor of o and 1.
1
Let v = -1314 + 1538. What is the highest common factor of v and 1904?
112
Suppose -2*r + 6*z + 36 = -r, 5*r + 2*z - 52 = 0. Calculate the highest common factor of r and 4188.
12
Let s(n) = -n + 4. Let m be s(4). Let l be -6*2/(-4) + (4 - m). What is the highest common factor of l and 7?
7
Let f = -218 + 212. Let i be 1*(-16)/f*33. Suppose -n + 6 = 2*o, -n + 3 = 4*o + o. What is the greatest common factor of n and i?
8
Let w(d) = -2*d**3 + 150*d**2 + 8*d - 95. Let h be w(75). Calculate the greatest common divisor of 15 and h.
5
Suppose -15*t - 38 = 4*u - 18*t, u - t + 9 = 0. Let j be 44 + 1 - (-8 - u). Calculate the highest common factor of 70 and j.
14
Let b = -24 - -469. Suppose 0 = 2*k - 3*f - 151, 4*k - 3*f + 146 = b. Let o = k - 52. What is the highest common divisor of 2 and o?
2
Let h = -86 + 144. Let g(p) = 5*p + 135. Let i be g(-17). Let a = h - i. Calculate the greatest common factor of a and 16.
8
Suppose 3*t - 7585 = -5*m, -18 = 4*t + 2. What is the greatest common factor of m and 208?
16
Let l = 10 + -8. Suppose -9*r + l + 106 = 0. Let m(h) = 9*h**3 - 3*h**2 + h - 2. Let q be m(2). Calculate the highest common divisor of q and r.
12
Let o(h) = -h**2 + 7*h + 33. Let j be o(11). Let z(m) = -62*m - 36. Let c be z(j). Calculate the greatest common divisor of 38 and c.
38
Let s be -13 + (-559 - 16)/(-23). What is the greatest common factor of 6276 and s?
12
Let w = 63 - 80. Let k(y) = -y**2 - 2*y - 35. Let c be k(w). Let q = -66 - c. What is the highest common divisor of q and 14?
14
Let k(c) = -c**3 - 26*c**2 - 111*c + 15. Let h be (-1 - (-604)/(-30)) + 10/75. Let p be k(h). Calculate the greatest common divisor of p and 235.
47
Suppose -28 = 2*k + 212. Let w = 232 + k. Calculate the highest common factor of 16 and w.
16
Suppose -h + 5*l + 30 = 0, 5*h - 4*l + 292 = 379. What is the greatest common factor of h and 305?
5
Let h be 95*(-55)/(1650/(-36)). Calculate the highest common divisor of h and 41382.
114
Let m(i) = -i**2 + 6*i + 2. Let q = 20 + -17. Suppose -3*h + q*g = -24, -h + 3*g = h - 20. Let b be m(h). Calculate the greatest common factor of b and 10.
10
Let r be -6 - (-21010)/25 - 54/135. What is the highest common factor of 114 and r?
6
Suppose 538 = 4*a - 2*x, 44*a - 645 = 39*a - 3*x. Let i(g) = -g**2 - 13*g - 9. Let o be i(-7). What is the greatest common divisor of o and a?
33
Suppose 1 + 66 = 3*s + 2*h, 2*s - 4*h = 18. Suppose -3*n - 1120 = -s*n. Calculate the greatest common divisor of n and 126.
14
Suppose 5*x - 2603 = -c, -5248 = 23*c - 25*c + 4*x. Calculate the highest common factor of 286 and c.
22
Suppose -v + 136*z = 141*z - 16, -2*v = -5*z - 2. Calculate the greatest common factor of 38 and v.
2
Let p(j) = 74*j + 559. Let k be p(18). What is the highest common factor of k and 122?
61
Suppose 5*y - 4*i = 3123, -y + 87 = 3*i - 530. Suppose 3*s = 4*o + 50 - 109, -4*o + 5*s = -61. What is the greatest common divisor of y and o?
7
Let f be 30*((-62)/(-5) + -4). Let u = f + -236. Calculate the highest common factor of u and 40.
8
Let p = -2395 + 3136. What is the highest common factor of 209 and p?
19
Let f(j) = 46*j**2 + 34*j + 76. Let m be f(-5). What is the greatest common divisor of m and 66?
66
Suppose 5*w = -y + 1102, 54*w + 5*y - 230 = 53*w. Calculate the greatest common factor of w and 2508.
44
Suppose 0 = -137*p - 0*p + 27613 + 22255. Calculate the greatest common divisor of 1001 and p.
91
Suppose 4*g = 4, 5*f + 27 - 153 = 4*g. Let d be 4/12*12 + f. What is the highest common divisor of d and 90?
30
Let g(k) = 12*k + 146. Let a be g(-12). Suppose -i = -5*h + 2868, 3*h - a*i - 1720 = -i. What is the highest common factor of h and 28?
14
Let p be 12/(-19*(-30)/196365). Calculate the highest common factor of 143 and p.
13
Let i(l) = 3*l - 25. Let z be i(5). Let y(o) = o**2 + 14*o + 55. Let v be y(z). Calculate the highest common divisor of 75 and v.
15
Let l be (-9)/(-15)*1*25. Let o = l - 86. Let t = o + 122. Calculate the highest common divisor of 34 and t.
17
Let g = 18184 - 8459. Calculate the greatest common factor of g and 25.
25
Suppose -74 + 50 = -4*g, -156 = -3*b + 2*g. Suppose 2*x = 4*i - 1110, -i + x = -2*x - 265. Calculate the greatest common factor of b and i.
56
Suppose 3*t + 0*t + 288 = 0. Let u be 2 - (-3)/((-9)/t). Suppose -5*v - 5*i + 185 = 0, i = 2*v - 9 - 56. Calculate t